culate the remainder when p(-7) is divided by 12.
10
Let d = -24 - -30. Calculate the remainder when 27 is divided by d.
3
Let w be 4/2 + (0 - -4). What is the remainder when (28/w)/((-3)/(-9)) is divided by 5?
4
Suppose -112 = n - 5*n. Let y = -48 + 100. Let d = y - n. What is the remainder when d is divided by 13?
11
Suppose -5*c - 3 = -2*c, 5*m = -3*c + 87. Suppose 182 = -2*j + m. Let q = 115 + j. Calculate the remainder when q is divided by 17.
16
Let t be (-2)/10 + 31/5. Let v(x) = x**3 - 4*x**2 - 6*x - 6. Let i be v(t). Calculate the remainder when 43 is divided by (-1 - 0)*i/(-2).
13
Suppose 0 = 4*s + 4*v - 4, -3*s + v + v + 18 = 0. Suppose -3 = u - 4, u = s*h - 15. Suppose 0 = h*l - 16 - 0. What is the remainder when 7 is divided by l?
3
Suppose h - 28 + 6 = 0. Calculate the remainder when 129 is divided by h.
19
Suppose 0 = 3*d - 3 - 3. Suppose -2*m - 13 = -o, 0 = -5*o - 3*m + 2*m + 10. What is the remainder when ((-4)/12)/(d/(-24)) is divided by o?
1
Suppose l - 30 = 4*t, -5*l - 2*t = -191 + 19. Suppose -3*v + 2*j = -36, 0 = -5*v - j + 25 + 35. Calculate the remainder when l is divided by v.
10
Suppose 3*g = 8 + 1. Suppose -b + g*b = 8. Suppose b*u + 2*v = 22, -35 + 8 = -5*u - 3*v. Calculate the remainder when 21 is divided by u.
3
Let t(n) = -n**3 + 11*n**2 - 11*n + 13. Calculate the remainder when 8 is divided by t(10).
2
Suppose 3*j + 4*u = 28, 3*j = -u + 15 + 1. Suppose -4*c + 16 = j*o, 0 = 4*c + 2 + 10. Calculate the remainder when o is divided by 4.
3
Let d be (-2)/(-8) - 1703/(-52). Calculate the remainder when 14 is divided by (-22)/d*15/(-2).
4
Let d(v) = 6*v - 8. Calculate the remainder when 62 is divided by d(4).
14
Let f = -1 - 1. Let u be (-36)/30*5/f. Suppose u*c = -4*l - 2*c + 22, 5*l - 36 = -2*c. What is the remainder when 31 is divided by l?
7
What is the remainder when (-27 + (-1)/(-1))*(-18)/12 is divided by 22?
17
Let w(h) = 5*h - 3. Let z(x) = -x**3 - 6*x**2 - 1. Let p be z(-6). Let c(b) = -6*b**3 - b**2 + 1. Calculate the remainder when c(p) is divided by w(1).
0
Suppose -2*j - 3*j + 85 = 0. Calculate the remainder when 115 is divided by j.
13
Let i be 2/(-7) - (-4)/14. Let d(h) = h**3 + h**2 - h + 14. Calculate the remainder when 40 is divided by d(i).
12
Suppose -18*q + 20*q = 36. Let v(p) = 6*p**2 - 2*p + 4. Let y = -4 + 7. What is the remainder when v(y) is divided by q?
16
Suppose -5*n + 246 + 134 = 0. Suppose -n = 2*t - 6*t. What is the remainder when 36 is divided by t?
17
Let p = 73 + -23. Let q = 8 - 6. Let n = q - -11. Calculate the remainder when p is divided by n.
11
Let a(u) be the first derivative of 15*u**2/2 - u - 2. What is the remainder when a(2) is divided by 15?
14
Let l(d) = 2*d**2 - 11*d + 5. Let r be l(5). Let q(p) = p**2 - p + 4. Calculate the remainder when 5 is divided by q(r).
1
Suppose 3*j - 15 = 4*x, -3*x = -4*j + 30 - 10. Suppose -6*g + 2*g + 28 = x. What is the remainder when g is divided by (-2 - -3)/((-2)/(-6))?
1
Calculate the remainder when 61 is divided by 0 - ((-134)/6 + (-2)/(-6)).
17
Suppose -7*k + 2*k = -25. Suppose 3*f - 95 = 5*h, k*f + 33 = 6*f - 3*h. Calculate the remainder when f is divided by (-1)/((-3)/2)*24.
14
Let v be 1/2 - 11/(-2). Suppose 2*s - 64 = 2*j - v*j, 5*s = -3*j + 48. Calculate the remainder when 63 is divided by j.
15
Let a = 74 - 136. Let h = -23 - a. Let m(j) = 6*j + 2. What is the remainder when h is divided by m(2)?
11
Let b(n) = -5*n**2 - n - 16. Let l(m) = 2*m**2 + 8. Let o(g) = -3*b(g) - 7*l(g). Suppose -2*i = 10 + 2. Calculate the remainder when 18 is divided by o(i).
8
Suppose -6*f = -2*f + 24. What is the remainder when (-237)/f - 4/8 is divided by 20?
19
Suppose 61*h - 59*h = 16. Calculate the remainder when 25 is divided by h.
1
Let n = -30 + 53. What is the remainder when n is divided by 8?
7
Let h(u) = -2*u + 81. Calculate the remainder when 147 is divided by h(28).
22
Let m be (1 - -5)*8/12. Suppose m*i - 8*i + 40 = 0. Calculate the remainder when 45 is divided by 228/i + (-3)/(-15).
22
Suppose -14 = 2*j - 6. Calculate the remainder when (-90)/j + 2/(-4) is divided by 8.
6
Suppose -i + 19 = 5*o, 2*i = o + 5*i - 1. Suppose -s - m = -o, -2*s + m = 2*s - 41. Let p(u) = 26*u**3 + u - 1. What is the remainder when p(1) is divided by s?
8
Suppose -4*p - 90 = 22. What is the remainder when 10 is divided by p/(-5) + (-6)/(-15)?
4
Let r(t) = -6*t - 15. Calculate the remainder when 24 is divided by r(-4).
6
Let s(p) = 52*p + 2. Let o be s(1). Suppose t = 3*t - o. What is the remainder when t is divided by 15?
12
Let j = -46 - -69. Let z be j/7 - (-6)/(-21). Suppose 3*a = 2*h - 9, 5*h = -a + 28 + z. What is the remainder when 16 is divided by h?
4
Let g(v) = 2*v**2 - 2*v + 1. Let c = 22 - 19. What is the remainder when g(c) is divided by 7?
6
Let x(s) = s**3 - 3*s**2 + 1. Let p be 12/(-6)*(-3)/2. Let l be x(p). What is the remainder when -2 - (-4 + l + -51) is divided by 27?
25
Let c(d) = -d**3 - 7*d**2 - 7*d + 6. What is the remainder when 272 is divided by c(-7)?
52
Let j(b) be the second derivative of b**3/6 + 23*b**2/2 + 21*b. Suppose -31 = 3*c + 2. What is the remainder when 22 is divided by j(c)?
10
Let r = -8 - -11. Suppose 5*v - 2*l = -0*l + 13, -r*v - 5*l - 17 = 0. What is the remainder when 53 is divided by -1 + (-2 - (v + -22))?
17
Suppose 3*a = 3*y - 4*y + 37, -3*a - 73 = -4*y. What is the remainder when y is divided by 8?
6
Let f be (4 - 1)*160/6. Suppose 3*z = i - 20, -3*i + 3*z + f = i. What is the remainder when i is divided by 11?
9
Let z(i) = -29*i - 2. Suppose -3*q = -j - 13, -j + 2 = 3. Let x(s) = s**2 + 2*s - 5. What is the remainder when z(-2) is divided by x(q)?
18
Let z = -10 + 22. Calculate the remainder when z is divided by 5.
2
Suppose 5*t - 9*t + 28 = 0. Let w(v) = 5*v - 3. Let r(n) = -11*n. What is the remainder when w(t) is divided by r(-1)?
10
Suppose 4 = -2*f - 2*u, -6*u = -2*f - 2*u + 20. What is the remainder when f is divided by 2?
0
Suppose 6*b - 42 = 3*b. Let x = -1 - -2. What is the remainder when b is divided by -6*(x + (-7)/3)?
6
Let b = -85 - -139. Suppose 5*a - 75 = -5*j, 2 = -4*a - 2*j + b. Suppose -2*i - 1 = l - 3*i, 5*l + 2*i = 30. What is the remainder when a is divided by l?
3
Suppose -4*l + 20 = 8. What is the remainder when 4 is divided by l?
1
Suppose -4*u - 5*y + 6 = -0*u, 4*y + 16 = 2*u. Suppose -11 = -u*n + 45. Calculate the remainder when 55 is divided by n.
13
Suppose 98 = 4*b + 2*t - 6, 5*b - 130 = 3*t. Suppose 169 - 57 = 8*c. Calculate the remainder when b is divided by c.
12
Let u(v) = -v**2 - v - 25. Let p be u(0). Let q = p + 57. Suppose 0*x + q = 4*x. What is the remainder when x is divided by 3?
2
Suppose -r + 4*o = -0*r - 52, 92 = 2*r + 4*o. Calculate the remainder when r is divided by 10.
8
Let y(i) = -i**2 - 7*i - 8. Let z be y(-5). Suppose 0 = -0*h + z*h - 114. Calculate the remainder when h is divided by 15.
12
Let l(w) = w**2 + 6*w - 7. Suppose 0 = -4*j - 30 + 130. Calculate the remainder when l(-11) is divided by j.
23
Let d(b) = b**2 + b - 8. Calculate the remainder when 67 is divided by d(6).
33
Let r = -1 - -4. Let w = 8 + -1. Let o = -3 + w. What is the remainder when o is divided by r?
1
Let k(q) = -3*q**2 + 23*q + 12. Calculate the remainder when k(6) is divided by 15.
12
Let u(g) = -g + 4. Let x be 3/12 - 7/(-4). Suppose s - 66 = -x*s. Calculate the remainder when s is divided by u(-8).
10
Let y = 0 + 0. Suppose -t - 5 = -1, y = 3*p - 3*t - 18. What is the remainder when 3/6*6 + p is divided by 3?
2
What is the remainder when 33 is divided by (-4 + 3)/(2/(-14))?
5
Let o(x) = -x**2 + 57. Let b be o(0). Let w(p) = -p**3 + 7*p**2 - 5*p - 3. Let f be w(6). Suppose -3 - b = -f*q. Calculate the remainder when q is divided by 7.
6
Let d(x) = 18*x**2. Let j be d(1). Let r = j + 0. Calculate the remainder when 69 is divided by r.
15
Suppose 4*w = 7*w - 72. Suppose 113 = 5*x - 237. Calculate the remainder when x is divided by w.
22
What is the remainder when 14 is divided by -24*(65/(-15) - -4)?
6
Let i(t) = -t**2 - 6*t + 3. Let v be i(-6). Let f(l) = 2*l**3 - 3*l**2 + l + 2. Calculate the remainder when f(v) is divided by 11.
10
Let g be 10/(-4)*(-24)/10. Let a be 4/(-24) + 1/g. Suppose -70 = -0*f - 4*f + 2*c, a = -4*f + 4*c + 60. Calculate the remainder when f is divided by 11